32 = 2*g + d, -2*g - 191 = -5*d - p. What is the greatest common divisor of g and 288?
72
Suppose v + 2*s + 3*s = -15, 2*s + 33 = 5*v. Let g be (-12)/(-8)*2 + v. Let n be -10 - 1 - (-132 + 120). What is the highest common factor of n and g?
1
Let y(d) = d**2 + 54*d - 124. Let q be y(-58). Calculate the highest common divisor of q and 567.
27
Let k(s) = 32*s + 1760. Let n be k(-51). Calculate the greatest common factor of n and 4352.
128
Suppose 0 = 41*h - 36*h - 5. Suppose -25 + h = -g. What is the greatest common divisor of 344 and g?
8
Let s(z) = 3*z**3 + 2*z**2 - 4*z - 15. Let n be s(3). What is the highest common factor of n and 1332?
36
Suppose 55*o = -c + 50*o + 198, 3*c = 3*o + 486. What is the greatest common divisor of c and 2100?
84
Suppose 13056 + 25572 = 36*b. What is the greatest common divisor of b and 185?
37
Suppose -5*h + 15*f + 243 = 18*f, 3*h + 2*f = 145. Suppose 5*g = -m - 3*m + 68, 0 = 3*m + 4*g - h. What is the highest common factor of 17 and m?
17
Let f(d) = -d - 10. Let q be f(-10). Let c be -4 - 118*1/(-2). Suppose -56*o + c*o + 2 = q. What is the highest common divisor of o and 18?
2
Let k be (-8)/(112/3038)*-3. What is the highest common divisor of 465 and k?
93
Let k be (-1480)/(-6) - (-1)/3 - (-716 - -720). Calculate the greatest common factor of k and 4536.
81
Suppose -5*x - 47 = -12. Let j = x - -13. Suppose 0 = w + 2*d, 5*w + 2*d - d - 27 = 0. What is the greatest common factor of j and w?
6
Let q be (5/(-3))/((-35)/(-21) - 2). Let d = 64 - 60. Suppose 24 - 244 = -d*p. What is the highest common divisor of p and q?
5
Let l = 2632 + -2588. What is the greatest common divisor of 12166 and l?
22
Let y be (13/39)/((-1)/(-324)). Let s be (-27)/y + 4/((-16)/(-93)). Calculate the highest common factor of s and 667.
23
Let s be 44/(-7) - 4/(-14). Suppose 276 = -84*i - 6528. Let o be s/8*2*1998/i. Calculate the highest common factor of o and 333.
37
Let i be 2 - 24*(11 + -17). Calculate the greatest common factor of 146 and i.
146
Let f(g) = -289*g + 4976. Let b be f(17). What is the greatest common factor of 23499 and b?
63
Suppose 0 = -2*x + 4*n + 974, -7*x = -8*x + n + 490. Calculate the greatest common factor of 899 and x.
29
Let o be 340/14 - 2/7. Suppose -h - 17*s = -21*s + 17, -3*s = h - 18. Calculate the highest common divisor of o and h.
3
Suppose 0 = 32*a - 6*a - 45*a + 335616. What is the greatest common divisor of 128 and a?
128
Let i = 49288 - 25033. Calculate the highest common divisor of 165 and i.
165
Suppose 9 = 3*j, 98*r + 2*j - 342 = 96*r. Calculate the highest common factor of 378 and r.
42
Let z be 9 - 0 - (1 - 2). Let k be (-34 - -9) + 240 - 105/(-7). What is the highest common factor of z and k?
10
Let c(l) = -2*l**3 - l**2 + 6*l - 6. Let u be c(-5). Let z be (-5 - (-5 - 19)) + -12. Calculate the highest common divisor of z and u.
7
Let j be (-2 - 2)*(-169)/4. Suppose 4*r - j - 47 = 0. Let g(w) = 15*w**2 - 314*w + 15. Let l be g(21). What is the greatest common divisor of r and l?
18
Let j be (-16 - 4)*(-16 + 15). What is the greatest common divisor of 1180 and j?
20
Let u(r) = r**3 + 6*r**2 - 2*r + 1. Let k be u(-6). Let l be 1851/15 + 6/(-15). Suppose 0 = 2*v - l - 59. Calculate the greatest common factor of k and v.
13
Suppose -45*c + 80 = -37*c. Suppose 0 = 21*w - c*w - 1419. Calculate the greatest common divisor of 6 and w.
3
Let w be 1/(-2)*0 - -316. Suppose 440 = 7*h - w. Suppose 2*z - h = -7*z. Calculate the greatest common divisor of z and 228.
12
Suppose -16*c + 726 + 307 = 329. Suppose i - 2*z - 101 = 0, -i + 0*i + 96 = 3*z. Calculate the greatest common divisor of c and i.
11
Let c = 6626 + -6508. What is the highest common divisor of c and 122?
2
Suppose 3*b = 4*b - 30. Suppose 8*h - 376 + 96 = 0. Suppose 11*x + h*x = 276. Calculate the highest common divisor of x and b.
6
Let w be 42/4*(-72)/(-42). Let j = -158 + 82. Let b = j + 78. Calculate the highest common factor of w and b.
2
Suppose 10*j - 55 = -25. Suppose -4*a + j*q + 2481 = 0, 0*a = -5*a - 2*q + 3130. What is the greatest common divisor of a and 12?
12
Let v = -29024 - -29108. What is the greatest common divisor of 132 and v?
12
Let z = 4573 - 4268. Calculate the highest common factor of z and 90.
5
Let w(r) = -r**3 - 9*r**2 + 6*r - 34. Let x be w(-10). Suppose -126 = -20*a + x*a. Suppose a*f - 130 - 176 = 0. Calculate the highest common factor of f and 17.
17
Suppose -5*p = -25, -b - p = -3*p - 48. Suppose -s = -11 - b. Suppose s = 5*n - 4*o, -5*n - 5*o = 3 - 63. Calculate the greatest common factor of 13 and n.
13
Suppose 2*m = j - 18, 0 = 2*j - 3*j + 4*m + 26. Let t(o) = -o**3 + 8*o**2 + 47*o + 10. Let k be t(j). Calculate the highest common divisor of k and 14.
14
Suppose -3*w - 24 = -r - 6*w, 2*r - 55 = w. Let x = -13461 - -14298. Calculate the greatest common divisor of x and r.
27
Suppose 0 = -f + 4 - 12, 146 = 5*o - 4*f - 86. Suppose 5*i - 5*l - 55 = 0, 5*i - 3 = -l + 82. What is the highest common divisor of i and o?
8
Let x(w) = 776*w**2 - 35*w - 15. Let p be x(-3). Calculate the highest common divisor of p and 162.
54
Suppose 157*k = 29*k + 49664. Calculate the greatest common factor of k and 4.
4
Let w(g) = g**2 + 33*g - 230. Let c be w(6). Suppose 11*x - 1155 = -c*x. Calculate the highest common divisor of 55 and x.
11
Suppose 7 = 5*j - 93. Let n be j/6*84/(-56). Let d be (-96)/(34/8 + n). Calculate the highest common divisor of 16 and d.
16
Let y be ((-12)/(-7))/(18/63). Let h be (y/3)/8*4. Let m be (-60 + 46)/(h + -3 + 1). Calculate the greatest common factor of m and 14.
14
Suppose 61 - 1 = 2*h. Suppose -4624*y + 28 = -4617*y. Suppose 60 = 4*j - 2*l, 4*j - y*l - 60 = -9*l. What is the greatest common divisor of j and h?
15
Let r be 266 - (0 + 3 - (-21 + 24)). Suppose 0 = -7*z - r + 1729. Calculate the highest common factor of z and 33.
11
Let p = 386 + -126. Suppose 3*x - p = -215. What is the greatest common divisor of x and 435?
15
Let y = -1532838 - -1532906. Suppose 0*q + 5*p - 80 = -q, 5*q + 3*p = 422. Suppose -n = 4*n - q. What is the highest common factor of y and n?
17
Let a be (-600)/(-2400) + (-18542)/(-8). What is the greatest common factor of a and 976?
122
Suppose -7293 = -31*v - 2*v. Let n = 247 - v. What is the greatest common divisor of n and 286?
26
Let i(c) = 360*c + 1125. Let f be i(-3). Calculate the greatest common divisor of f and 4380.
15
Suppose 13*d = 8*d - 20. Let x be d + (-102)/(-4)*-2. Let a be 20/6 - (x/15 + 3). Calculate the highest common factor of a and 20.
4
Suppose 0 = 212*y - 211*y + 5, 3*n - 250 = -y. Calculate the highest common divisor of 119 and n.
17
Let w be (1/(1 + 2292/(-2286)))/((-21)/182). What is the highest common factor of 78 and w?
26
Let s be (3/2)/((-2)/(-4)). Suppose -5*b = s*b. Suppose b = -6*u - 40 + 112. Calculate the highest common factor of u and 4.
4
Let g(d) = 8*d - 28 - 4*d + 3*d. Let k = -407 + 421. Let i be g(k). Calculate the greatest common factor of 10 and i.
10
Suppose 0 = 5*p + 379 - 3454. Let f = -1 + 16. What is the highest common divisor of p and f?
15
Suppose 2769 = 28*x + 43*x. Calculate the greatest common divisor of x and 299.
13
Suppose 5*l = -4*y + 2196, -l - 1628 = -5*y + 2*y. Calculate the highest common factor of 34 and y.
34
Let y = -962 + 1510. Calculate the greatest common divisor of y and 2055.
137
Let b = -9 - -19. Let d(n) = n**3 - n**2 - n + 2. Let i be d(-2). Let v be (-15)/9*3*(i - -4). Calculate the greatest common factor of v and b.
10
Suppose -826*c - 180523 = -863*c. Calculate the highest common factor of 82 and c.
41
Suppose 0 = 2*b - 6, 144*t + 655 = 149*t + 5*b. Calculate the greatest common factor of 68 and t.
4
Let c = 45 + -33. Let u be ((-4)/6)/(c/(-180)). Let i(p) = 3*p**2 - 5*p - 90. Let v be i(10). What is the highest common divisor of u and v?
10
Let v be (6*(-10)/(-14))/((-19)/(-2261)). Suppose -u = 3*n - 43, 4*n - 9*n + 71 = 2*u. What is the greatest common divisor of v and n?
15
Let t be (-2)/(-6)*-2*-30. Suppose -2*f + 20 = -4*a - 232, 3*f - 3*a = 354. Calculate the greatest common divisor of f and t.
10
Suppose 12*w + 592 - 759 = 2089. What is the highest common divisor of 22 and w?
2
Let d be (2/(-4))/(-3*(-1)/(-30)). Suppose d*p + i - 97 - 403 = 0, -124 = -p - 5*i. What is the highest common fac